{"id":10684,"date":"2022-10-28T14:15:22","date_gmt":"2022-10-28T12:15:22","guid":{"rendered":"https:\/\/www.buhl.de\/c-j\/?page_id=10684"},"modified":"2022-12-16T08:32:00","modified_gmt":"2022-12-16T07:32:00","slug":"wiso-steuer-2023","status":"publish","type":"page","link":"https:\/\/www.buhl.de\/c-j\/wiso-steuer-2023\/","title":{"rendered":"<h1 style=\"display:inline;\">WISO Steuer 2023<\/h1>  <h2 style=\"display:inline;\"> (Windows und Mac)<\/h2>"},"content":{"rendered":"<script type=\"text\/javascript\" src=\"https:\/\/cj.buhl.de\/cj\/form\/generate.js?id=155\"><\/script>\n<p style=\"text-align: left;\"><span id=\"cphContentMainPrimaryArea_testversion_3_infoLabel\"><b>Kostenlos, unverbindlich<\/b> und so lange, wie Sie m\u00f6chten. Ihre Daten behandeln wir nat\u00fcrlich streng vertraulich und geben sie nicht an Dritte weiter.<\/span><\/p>\n<p style=\"text-align: left;\">Probieren Sie WISO Steuer (Windows und Mac) in aller Ruhe aus, bevor Sie sich zum Kauf entscheiden. Ganz unverbindlich und so lange Sie m\u00f6gen. Nach der Freischaltung nutzen Sie auch die Formularvorschau, den Ausdruck und die Abgabe Ihrer Steuererkl\u00e4rung per ELSTER. Schon <strong>ab EUR 25,99<\/strong> schalten Sie Ihre Testversion frei. Ganz einfach und bequem.<\/p>\n<div class='review_container'><a class=\"Kundenstimmentext\">Kundenstimmen<\/a><br><br><div class='review' id='review'><form class='formular_review' method='get'>\r\n\t\t\t  <input type='hidden' name='review' value='1'>\r\n\t\t\t  <input type='hidden' name='order' value='best'>\r\n              <input type='submit' class='order_best' value='Beste' >\r\n          <\/form><form class='formular_review' method='get'>\r\n\t\t\t  <input type='hidden' name='review' value='1'>\r\n              <input type='hidden' name='order' value='new'>\r\n              <input type='submit'  class='order_new' value='Neueste'>\r\n          <\/form><div class='review_single'><div class='review_name'>Amazon<\/div><span class='fas fa-star'><\/span><span class='fas fa-star'><\/span><span class='fas fa-star'><\/span><span class='fas fa-star'><\/span><span class='fas fa-star'><\/span><div class='review_author'>Verfasst von A. Busch<\/div><div class='review_date'> am 03.11.2018<\/div><div class='review_title'>Steuererkl\u00e4rung leicht gemacht<\/div><div class='review_content'>Wer als Laie eine Steuererkl\u00e4rung machen muss, kann viel falsch machen. Das habe auch ich leidlich erfahren m\u00fcssen. Diese Software macht die Steuererkl\u00e4rung nicht nur einfacher, sondern bietet ausgezeichnete Funktionen um den Papierwust zu entkommen. Ich werde die weiter nutzen<\/div><\/div><div class='review_single'><div class='review_name'>buhlShop<\/div><span class='fas fa-star'><\/span><span class='fas fa-star'><\/span><span class='fas fa-star'><\/span><span class='fas fa-star'><\/span><span class='fas fa-star'><\/span><div class='review_author'>Verfasst von Pierre P.<\/div><div class='review_date'> am 06.05.2018<\/div><div class='review_title'>5 Sterne f\u00fcr WISO steuer:Sparbuch<\/div><div class='review_content'>Pierre P. hat WISO steuer:Sparbuch 5 Sterne gegeben.<\/div><\/div><div class='review_single'><div class='review_name'>Amazon<\/div><span class='fas fa-star'><\/span><span class='fas fa-star'><\/span><span class='fas fa-star'><\/span><span class='fas fa-star'><\/span><span class='fas fa-star'><\/span><div class='review_author'>Verfasst von Amazon Kunde<\/div><div class='review_date'> am 09.12.2018<\/div><div class='review_title'>Jedes Jahr wieder!<\/div><div class='review_content'>Einfache und verl\u00e4ssliche Handhabung!<\/div><\/div><div class='review_single'><div class='review_name'>Amazon<\/div><span class='fas fa-star'><\/span><span class='fas fa-star'><\/span><span class='fas fa-star'><\/span><span class='fas fa-star'><\/span><span class='fas fa-star'><\/span><div class='review_author'>Verfasst von Amazon Kunde<\/div><div class='review_date'> am 14.07.2018<\/div><div class='review_title'>Optimaler Support<\/div><div class='review_content'>Die Lieferung ging nat\u00fcrlich problemlos per Download und E-Mail. Das ist echt gut geregelt.\n\nBei der Installation hatte ich Schwierigkeiten, weil das Programm keine Internetverbindung hrstellen konnte. Nachdem ich mit den FAQs keine Abhilfe schaffen konnte, habe ich mich an den Support gewandt, schriftlich! Das war in meinem Fall das einzig Richtige. Nach einer etwa einw\u00f6chigen Bearbeitunszeit habe ich Antwort erhalten. Diese und die n\u00e4chste Auskunft haben das Problem nicht gel\u00f6st. Der Support hat sich dann die Einstellungen meines Computers schicken lassen und den Fehler gefunden. Es waren falsche Eintr\u00e4ge in einer Systemdatei. Ein wirklich hervorragender Support. Danke<\/div><\/div><div class='review_single'><div class='review_name'>buhlShop<\/div><span class='fas fa-star'><\/span><span class='fas fa-star'><\/span><span class='fas fa-star'><\/span><span class='fas fa-star'><\/span><span class='fas fa-star'><\/span><div class='review_author'>Verfasst von Carola G.<\/div><div class='review_date'> am 16.10.2018<\/div><div class='review_title'>5 Sterne f\u00fcr WISO steuer:Sparbuch<\/div><div class='review_content'>Carola G. hat WISO steuer:Sparbuch 5 Sterne gegeben.<\/div><\/div><div class='review_single'><div class='review_name'>buhlShop<\/div><span class='fas fa-star'><\/span><span class='fas fa-star'><\/span><span class='fas fa-star'><\/span><span class='fas fa-star'><\/span><span class='fas fa-star'><\/span><div class='review_author'>Verfasst von Tobi M.<\/div><div class='review_date'> am 24.07.2018<\/div><div class='review_title'>5 Sterne f\u00fcr WISO steuer:Sparbuch<\/div><div class='review_content'>Tobi M. hat WISO steuer:Sparbuch 5 Sterne gegeben.<\/div><\/div><\/div><\/div><div class=\"pagination\"><a class=\"current_page\"\">1<\/a><a class=\"availablePages\" href=\"?review=2#review\">2<\/a><a class=\"availablePages\" href=\"?review=3#review\">3<\/a><a class=\"availablePages\" href=\"?review=4#review\">4<\/a><a Class=\"dots\">...<\/a><a class=\"availablePages\" href=\"?review=2639#review\">2639<\/a><a class=\"paginationRightArrow\" href=\".?review=2639#review\"><\/a><\/div>\n","protected":false},"excerpt":{"rendered":"<p>Kostenlos, unverbindlich und so lange, wie Sie m\u00f6chten. Ihre Daten behandeln wir nat\u00fcrlich streng vertraulich und geben sie nicht an Dritte weiter. Probieren Sie WISO Steuer (Windows und Mac) in aller Ruhe aus, bevor Sie sich zum Kauf entscheiden. Ganz unverbindlich und so lange Sie m\u00f6gen. Nach der Freischaltung nutzen Sie auch die Formularvorschau, den [&hellip;]<\/p>\n","protected":false},"author":102,"featured_media":10686,"parent":0,"menu_order":0,"comment_status":"closed","ping_status":"closed","template":"","meta":{"footnotes":""},"class_list":["post-10684","page","type-page","status-publish","has-post-thumbnail","hentry"],"yoast_head":"<!-- This site is optimized with the Yoast SEO Premium plugin v27.0 (Yoast SEO v27.0) - https:\/\/yoast.com\/product\/yoast-seo-premium-wordpress\/ -->\n<title>WISO Steuer 2023  (Windows und Mac)<\/title>\n<meta name=\"robots\" content=\"noindex, nofollow\" \/>\n<meta property=\"og:locale\" content=\"de_DE\" \/>\n<meta property=\"og:type\" content=\"article\" \/>\n<meta property=\"og:title\" content=\"WISO Steuer 2023  (Windows und Mac)\" \/>\n<meta property=\"og:description\" content=\"Kostenlos, unverbindlich und so lange, wie Sie m\u00f6chten. Ihre Daten behandeln wir nat\u00fcrlich streng vertraulich und geben sie nicht an Dritte weiter. Probieren Sie WISO Steuer (Windows und Mac) in aller Ruhe aus, bevor Sie sich zum Kauf entscheiden. Ganz unverbindlich und so lange Sie m\u00f6gen. Nach der Freischaltung nutzen Sie auch die Formularvorschau, den [&hellip;]\" \/>\n<meta property=\"og:url\" content=\"https:\/\/www.buhl.de\/c-j\/wiso-steuer-2023\/\" \/>\n<meta property=\"og:site_name\" content=\"Customer Journeys\" \/>\n<meta property=\"article:modified_time\" content=\"2022-12-16T07:32:00+00:00\" \/>\n<meta property=\"og:image\" content=\"https:\/\/www.buhl.de\/c-j\/wp-content\/uploads\/sites\/28\/2022\/10\/WISO-Steuer-2023_Links.png\" \/>\n\t<meta property=\"og:image:width\" content=\"1316\" \/>\n\t<meta property=\"og:image:height\" content=\"2161\" \/>\n\t<meta property=\"og:image:type\" content=\"image\/png\" \/>\n<meta name=\"twitter:card\" content=\"summary_large_image\" \/>\n<script type=\"application\/ld+json\" class=\"yoast-schema-graph\">{\"@context\":\"https:\/\/schema.org\",\"@graph\":[{\"@type\":\"WebPage\",\"@id\":\"https:\/\/www.buhl.de\/c-j\/wiso-steuer-2023\/\",\"url\":\"https:\/\/www.buhl.de\/c-j\/wiso-steuer-2023\/\",\"name\":\"WISO Steuer 2023 (Windows und Mac)\",\"isPartOf\":{\"@id\":\"https:\/\/www.buhl.de\/c-j\/#website\"},\"primaryImageOfPage\":{\"@id\":\"https:\/\/www.buhl.de\/c-j\/wiso-steuer-2023\/#primaryimage\"},\"image\":{\"@id\":\"https:\/\/www.buhl.de\/c-j\/wiso-steuer-2023\/#primaryimage\"},\"thumbnailUrl\":\"https:\/\/www.buhl.de\/c-j\/wp-content\/uploads\/sites\/28\/2022\/10\/WISO-Steuer-2023_Links.png\",\"datePublished\":\"2022-10-28T12:15:22+00:00\",\"dateModified\":\"2022-12-16T07:32:00+00:00\",\"breadcrumb\":{\"@id\":\"https:\/\/www.buhl.de\/c-j\/wiso-steuer-2023\/#breadcrumb\"},\"inLanguage\":\"de\",\"potentialAction\":[{\"@type\":\"ReadAction\",\"target\":[\"https:\/\/www.buhl.de\/c-j\/wiso-steuer-2023\/\"]}]},{\"@type\":\"ImageObject\",\"inLanguage\":\"de\",\"@id\":\"https:\/\/www.buhl.de\/c-j\/wiso-steuer-2023\/#primaryimage\",\"url\":\"https:\/\/www.buhl.de\/c-j\/wp-content\/uploads\/sites\/28\/2022\/10\/WISO-Steuer-2023_Links.png\",\"contentUrl\":\"https:\/\/www.buhl.de\/c-j\/wp-content\/uploads\/sites\/28\/2022\/10\/WISO-Steuer-2023_Links.png\",\"width\":1316,\"height\":2161},{\"@type\":\"BreadcrumbList\",\"@id\":\"https:\/\/www.buhl.de\/c-j\/wiso-steuer-2023\/#breadcrumb\",\"itemListElement\":[{\"@type\":\"ListItem\",\"position\":1,\"name\":\"Startseite\",\"item\":\"https:\/\/www.buhl.de\/c-j\/\"},{\"@type\":\"ListItem\",\"position\":2,\"name\":\"WISO Steuer 2023 (Windows und Mac)\"}]},{\"@type\":\"WebSite\",\"@id\":\"https:\/\/www.buhl.de\/c-j\/#website\",\"url\":\"https:\/\/www.buhl.de\/c-j\/\",\"name\":\"Customer Journeys\",\"description\":\"\",\"potentialAction\":[{\"@type\":\"SearchAction\",\"target\":{\"@type\":\"EntryPoint\",\"urlTemplate\":\"https:\/\/www.buhl.de\/c-j\/?s={search_term_string}\"},\"query-input\":{\"@type\":\"PropertyValueSpecification\",\"valueRequired\":true,\"valueName\":\"search_term_string\"}}],\"inLanguage\":\"de\"}]}<\/script>\n<!-- \/ Yoast SEO Premium plugin. -->","yoast_head_json":{"title":"WISO Steuer 2023  (Windows und Mac)","robots":{"index":"noindex","follow":"nofollow"},"og_locale":"de_DE","og_type":"article","og_title":"WISO Steuer 2023  (Windows und Mac)","og_description":"Kostenlos, unverbindlich und so lange, wie Sie m\u00f6chten. Ihre Daten behandeln wir nat\u00fcrlich streng vertraulich und geben sie nicht an Dritte weiter. Probieren Sie WISO Steuer (Windows und Mac) in aller Ruhe aus, bevor Sie sich zum Kauf entscheiden. Ganz unverbindlich und so lange Sie m\u00f6gen. Nach der Freischaltung nutzen Sie auch die Formularvorschau, den [&hellip;]","og_url":"https:\/\/www.buhl.de\/c-j\/wiso-steuer-2023\/","og_site_name":"Customer Journeys","article_modified_time":"2022-12-16T07:32:00+00:00","og_image":[{"width":1316,"height":2161,"url":"https:\/\/www.buhl.de\/c-j\/wp-content\/uploads\/sites\/28\/2022\/10\/WISO-Steuer-2023_Links.png","type":"image\/png"}],"twitter_card":"summary_large_image","schema":{"@context":"https:\/\/schema.org","@graph":[{"@type":"WebPage","@id":"https:\/\/www.buhl.de\/c-j\/wiso-steuer-2023\/","url":"https:\/\/www.buhl.de\/c-j\/wiso-steuer-2023\/","name":"WISO Steuer 2023 (Windows und Mac)","isPartOf":{"@id":"https:\/\/www.buhl.de\/c-j\/#website"},"primaryImageOfPage":{"@id":"https:\/\/www.buhl.de\/c-j\/wiso-steuer-2023\/#primaryimage"},"image":{"@id":"https:\/\/www.buhl.de\/c-j\/wiso-steuer-2023\/#primaryimage"},"thumbnailUrl":"https:\/\/www.buhl.de\/c-j\/wp-content\/uploads\/sites\/28\/2022\/10\/WISO-Steuer-2023_Links.png","datePublished":"2022-10-28T12:15:22+00:00","dateModified":"2022-12-16T07:32:00+00:00","breadcrumb":{"@id":"https:\/\/www.buhl.de\/c-j\/wiso-steuer-2023\/#breadcrumb"},"inLanguage":"de","potentialAction":[{"@type":"ReadAction","target":["https:\/\/www.buhl.de\/c-j\/wiso-steuer-2023\/"]}]},{"@type":"ImageObject","inLanguage":"de","@id":"https:\/\/www.buhl.de\/c-j\/wiso-steuer-2023\/#primaryimage","url":"https:\/\/www.buhl.de\/c-j\/wp-content\/uploads\/sites\/28\/2022\/10\/WISO-Steuer-2023_Links.png","contentUrl":"https:\/\/www.buhl.de\/c-j\/wp-content\/uploads\/sites\/28\/2022\/10\/WISO-Steuer-2023_Links.png","width":1316,"height":2161},{"@type":"BreadcrumbList","@id":"https:\/\/www.buhl.de\/c-j\/wiso-steuer-2023\/#breadcrumb","itemListElement":[{"@type":"ListItem","position":1,"name":"Startseite","item":"https:\/\/www.buhl.de\/c-j\/"},{"@type":"ListItem","position":2,"name":"WISO Steuer 2023 (Windows und Mac)"}]},{"@type":"WebSite","@id":"https:\/\/www.buhl.de\/c-j\/#website","url":"https:\/\/www.buhl.de\/c-j\/","name":"Customer Journeys","description":"","potentialAction":[{"@type":"SearchAction","target":{"@type":"EntryPoint","urlTemplate":"https:\/\/www.buhl.de\/c-j\/?s={search_term_string}"},"query-input":{"@type":"PropertyValueSpecification","valueRequired":true,"valueName":"search_term_string"}}],"inLanguage":"de"}]}},"wps_subtitle":"","_links":{"self":[{"href":"https:\/\/www.buhl.de\/c-j\/wp-json\/wp\/v2\/pages\/10684","targetHints":{"allow":["GET"]}}],"collection":[{"href":"https:\/\/www.buhl.de\/c-j\/wp-json\/wp\/v2\/pages"}],"about":[{"href":"https:\/\/www.buhl.de\/c-j\/wp-json\/wp\/v2\/types\/page"}],"author":[{"embeddable":true,"href":"https:\/\/www.buhl.de\/c-j\/wp-json\/wp\/v2\/users\/102"}],"replies":[{"embeddable":true,"href":"https:\/\/www.buhl.de\/c-j\/wp-json\/wp\/v2\/comments?post=10684"}],"version-history":[{"count":15,"href":"https:\/\/www.buhl.de\/c-j\/wp-json\/wp\/v2\/pages\/10684\/revisions"}],"predecessor-version":[{"id":10793,"href":"https:\/\/www.buhl.de\/c-j\/wp-json\/wp\/v2\/pages\/10684\/revisions\/10793"}],"wp:featuredmedia":[{"embeddable":true,"href":"https:\/\/www.buhl.de\/c-j\/wp-json\/wp\/v2\/media\/10686"}],"wp:attachment":[{"href":"https:\/\/www.buhl.de\/c-j\/wp-json\/wp\/v2\/media?parent=10684"}],"curies":[{"name":"wp","href":"https:\/\/api.w.org\/{rel}","templated":true}]}}