{"id":76392,"date":"2026-01-20T13:57:19","date_gmt":"2026-01-20T12:57:19","guid":{"rendered":"https:\/\/www.buhl.de\/steuer\/?page_id=76392"},"modified":"2026-02-03T14:14:37","modified_gmt":"2026-02-03T13:14:37","slug":"formulare","status":"publish","type":"page","link":"https:\/\/www.buhl.de\/steuer\/formulare\/","title":{"rendered":"Formulare"},"content":{"rendered":"","protected":false},"excerpt":{"rendered":"","protected":false},"author":265,"featured_media":0,"parent":0,"menu_order":0,"comment_status":"closed","ping_status":"closed","template":"buhl-steuer\/page-acf-2023.php","meta":{"_acf_changed":false,"footnotes":""},"categories":[2845],"tags":[],"class_list":["post-76392","page","type-page","status-publish","hentry","category-search"],"yoast_head":"<!-- This site is optimized with the Yoast SEO Premium plugin v27.0 (Yoast SEO v27.0) - https:\/\/yoast.com\/product\/yoast-seo-premium-wordpress\/ -->\n<title>Steuererkl\u00e4rung Formulare kostenlos herunterladen<\/title>\n<meta name=\"description\" content=\"Von Anlage N bis Anlage Kind: Hier findest du alle Formulare, die f\u00fcr die Einkommensteuererkl\u00e4rung von Arbeitnehmern erforderlich sind. Schon gewusst? Mit WISO Steuer wirst du Schritt f\u00fcr Schritt durch die passenden Anlagen gef\u00fchrt.\" \/>\n<meta name=\"robots\" content=\"index, follow, max-snippet:-1, max-image-preview:large, max-video-preview:-1\" \/>\n<link rel=\"canonical\" href=\"https:\/\/www.buhl.de\/steuer\/formulare\/\" \/>\n<meta property=\"og:locale\" content=\"de_DE\" \/>\n<meta property=\"og:type\" content=\"article\" \/>\n<meta property=\"og:title\" content=\"Formulare\" \/>\n<meta property=\"og:description\" content=\"Von Anlage N bis Anlage Kind: Hier findest du alle Formulare, die f\u00fcr die Einkommensteuererkl\u00e4rung von Arbeitnehmern erforderlich sind. Schon gewusst? Mit WISO Steuer wirst du Schritt f\u00fcr Schritt durch die passenden Anlagen gef\u00fchrt.\" \/>\n<meta property=\"og:url\" content=\"https:\/\/www.buhl.de\/steuer\/formulare\/\" \/>\n<meta property=\"og:site_name\" content=\"WISO Steuer: Nr.1 App f\u00fcr die Steuererkl\u00e4rung\" \/>\n<meta property=\"article:modified_time\" content=\"2026-02-03T13:14:37+00:00\" \/>\n<meta name=\"twitter:card\" content=\"summary_large_image\" \/>\n<script type=\"application\/ld+json\" class=\"yoast-schema-graph\">{\"@context\":\"https:\/\/schema.org\",\"@graph\":[{\"@type\":\"WebPage\",\"@id\":\"https:\/\/www.buhl.de\/steuer\/formulare\/\",\"url\":\"https:\/\/www.buhl.de\/steuer\/formulare\/\",\"name\":\"Steuererkl\u00e4rung Formulare kostenlos herunterladen\",\"isPartOf\":{\"@id\":\"https:\/\/www.buhl.de\/steuer\/#website\"},\"datePublished\":\"2026-01-20T12:57:19+00:00\",\"dateModified\":\"2026-02-03T13:14:37+00:00\",\"description\":\"Von Anlage N bis Anlage Kind: Hier findest du alle Formulare, die f\u00fcr die Einkommensteuererkl\u00e4rung von Arbeitnehmern erforderlich sind. Schon gewusst? Mit WISO Steuer wirst du Schritt f\u00fcr Schritt durch die passenden Anlagen gef\u00fchrt.\",\"breadcrumb\":{\"@id\":\"https:\/\/www.buhl.de\/steuer\/formulare\/#breadcrumb\"},\"inLanguage\":\"de\",\"potentialAction\":[{\"@type\":\"ReadAction\",\"target\":[\"https:\/\/www.buhl.de\/steuer\/formulare\/\"]}]},{\"@type\":\"BreadcrumbList\",\"@id\":\"https:\/\/www.buhl.de\/steuer\/formulare\/#breadcrumb\",\"itemListElement\":[{\"@type\":\"ListItem\",\"position\":1,\"name\":\"Steuererkl\u00e4rung\",\"item\":\"https:\/\/www.buhl.de\/steuer\/\"},{\"@type\":\"ListItem\",\"position\":2,\"name\":\"Formulare\"}]},{\"@type\":\"WebSite\",\"@id\":\"https:\/\/www.buhl.de\/steuer\/#website\",\"url\":\"https:\/\/www.buhl.de\/steuer\/\",\"name\":\"WISO Steuer: Nr. 1 Steuer-App\",\"description\":\"\",\"publisher\":{\"@id\":\"https:\/\/www.buhl.de\/steuer\/#organization\"},\"potentialAction\":[{\"@type\":\"SearchAction\",\"target\":{\"@type\":\"EntryPoint\",\"urlTemplate\":\"https:\/\/www.buhl.de\/steuer\/?s={search_term_string}\"},\"query-input\":{\"@type\":\"PropertyValueSpecification\",\"valueRequired\":true,\"valueName\":\"search_term_string\"}}],\"inLanguage\":\"de\"},{\"@type\":\"Organization\",\"@id\":\"https:\/\/www.buhl.de\/steuer\/#organization\",\"name\":\"WISO Steuer | Buhl Data Service GmbH\",\"url\":\"https:\/\/www.buhl.de\/steuer\/\",\"logo\":{\"@type\":\"ImageObject\",\"inLanguage\":\"de\",\"@id\":\"https:\/\/www.buhl.de\/steuer\/#\/schema\/logo\/image\/\",\"url\":\"https:\/\/www.buhl.de\/steuer\/wp-content\/uploads\/sites\/31\/2026\/02\/logo-wiso-steuer-app.svg\",\"contentUrl\":\"https:\/\/www.buhl.de\/steuer\/wp-content\/uploads\/sites\/31\/2026\/02\/logo-wiso-steuer-app.svg\",\"width\":375,\"height\":72,\"caption\":\"WISO Steuer | Buhl Data Service GmbH\"},\"image\":{\"@id\":\"https:\/\/www.buhl.de\/steuer\/#\/schema\/logo\/image\/\"}}]}<\/script>\n<!-- \/ Yoast SEO Premium plugin. -->","yoast_head_json":{"title":"Steuererkl\u00e4rung Formulare kostenlos herunterladen","description":"Von Anlage N bis Anlage Kind: Hier findest du alle Formulare, die f\u00fcr die Einkommensteuererkl\u00e4rung von Arbeitnehmern erforderlich sind. Schon gewusst? Mit WISO Steuer wirst du Schritt f\u00fcr Schritt durch die passenden Anlagen gef\u00fchrt.","robots":{"index":"index","follow":"follow","max-snippet":"max-snippet:-1","max-image-preview":"max-image-preview:large","max-video-preview":"max-video-preview:-1"},"canonical":"https:\/\/www.buhl.de\/steuer\/formulare\/","og_locale":"de_DE","og_type":"article","og_title":"Formulare","og_description":"Von Anlage N bis Anlage Kind: Hier findest du alle Formulare, die f\u00fcr die Einkommensteuererkl\u00e4rung von Arbeitnehmern erforderlich sind. Schon gewusst? Mit WISO Steuer wirst du Schritt f\u00fcr Schritt durch die passenden Anlagen gef\u00fchrt.","og_url":"https:\/\/www.buhl.de\/steuer\/formulare\/","og_site_name":"WISO Steuer: Nr.1 App f\u00fcr die Steuererkl\u00e4rung","article_modified_time":"2026-02-03T13:14:37+00:00","twitter_card":"summary_large_image","schema":{"@context":"https:\/\/schema.org","@graph":[{"@type":"WebPage","@id":"https:\/\/www.buhl.de\/steuer\/formulare\/","url":"https:\/\/www.buhl.de\/steuer\/formulare\/","name":"Steuererkl\u00e4rung Formulare kostenlos herunterladen","isPartOf":{"@id":"https:\/\/www.buhl.de\/steuer\/#website"},"datePublished":"2026-01-20T12:57:19+00:00","dateModified":"2026-02-03T13:14:37+00:00","description":"Von Anlage N bis Anlage Kind: Hier findest du alle Formulare, die f\u00fcr die Einkommensteuererkl\u00e4rung von Arbeitnehmern erforderlich sind. Schon gewusst? Mit WISO Steuer wirst du Schritt f\u00fcr Schritt durch die passenden Anlagen gef\u00fchrt.","breadcrumb":{"@id":"https:\/\/www.buhl.de\/steuer\/formulare\/#breadcrumb"},"inLanguage":"de","potentialAction":[{"@type":"ReadAction","target":["https:\/\/www.buhl.de\/steuer\/formulare\/"]}]},{"@type":"BreadcrumbList","@id":"https:\/\/www.buhl.de\/steuer\/formulare\/#breadcrumb","itemListElement":[{"@type":"ListItem","position":1,"name":"Steuererkl\u00e4rung","item":"https:\/\/www.buhl.de\/steuer\/"},{"@type":"ListItem","position":2,"name":"Formulare"}]},{"@type":"WebSite","@id":"https:\/\/www.buhl.de\/steuer\/#website","url":"https:\/\/www.buhl.de\/steuer\/","name":"WISO Steuer: Nr. 1 Steuer-App","description":"","publisher":{"@id":"https:\/\/www.buhl.de\/steuer\/#organization"},"potentialAction":[{"@type":"SearchAction","target":{"@type":"EntryPoint","urlTemplate":"https:\/\/www.buhl.de\/steuer\/?s={search_term_string}"},"query-input":{"@type":"PropertyValueSpecification","valueRequired":true,"valueName":"search_term_string"}}],"inLanguage":"de"},{"@type":"Organization","@id":"https:\/\/www.buhl.de\/steuer\/#organization","name":"WISO Steuer | Buhl Data Service GmbH","url":"https:\/\/www.buhl.de\/steuer\/","logo":{"@type":"ImageObject","inLanguage":"de","@id":"https:\/\/www.buhl.de\/steuer\/#\/schema\/logo\/image\/","url":"https:\/\/www.buhl.de\/steuer\/wp-content\/uploads\/sites\/31\/2026\/02\/logo-wiso-steuer-app.svg","contentUrl":"https:\/\/www.buhl.de\/steuer\/wp-content\/uploads\/sites\/31\/2026\/02\/logo-wiso-steuer-app.svg","width":375,"height":72,"caption":"WISO Steuer | Buhl Data Service GmbH"},"image":{"@id":"https:\/\/www.buhl.de\/steuer\/#\/schema\/logo\/image\/"}}]}},"acf":{"white_label_navigation_auswaehlen":false,"inhalte_festlegen":[{"reihen":76395},{"reihen":76428},{"reihen":76398},{"reihen":68481},{"reihen":76401},{"reihen":76887},{"reihen":76414},{"reihen":70938},{"reihen":68472},{"reihen":76416},{"reihen":76404},{"reihen":76418},{"reihen":76406},{"reihen":76420},{"reihen":76408},{"reihen":76422},{"reihen":76430},{"reihen":76424},{"reihen":76410},{"reihen":76426},{"reihen":76412},{"reihen":68691}],"kein_abstand_zum_footer":true},"wps_subtitle":"","_links":{"self":[{"href":"https:\/\/www.buhl.de\/steuer\/wp-json\/wp\/v2\/pages\/76392","targetHints":{"allow":["GET"]}}],"collection":[{"href":"https:\/\/www.buhl.de\/steuer\/wp-json\/wp\/v2\/pages"}],"about":[{"href":"https:\/\/www.buhl.de\/steuer\/wp-json\/wp\/v2\/types\/page"}],"author":[{"embeddable":true,"href":"https:\/\/www.buhl.de\/steuer\/wp-json\/wp\/v2\/users\/265"}],"replies":[{"embeddable":true,"href":"https:\/\/www.buhl.de\/steuer\/wp-json\/wp\/v2\/comments?post=76392"}],"version-history":[{"count":6,"href":"https:\/\/www.buhl.de\/steuer\/wp-json\/wp\/v2\/pages\/76392\/revisions"}],"predecessor-version":[{"id":82017,"href":"https:\/\/www.buhl.de\/steuer\/wp-json\/wp\/v2\/pages\/76392\/revisions\/82017"}],"wp:attachment":[{"href":"https:\/\/www.buhl.de\/steuer\/wp-json\/wp\/v2\/media?parent=76392"}],"wp:term":[{"taxonomy":"category","embeddable":true,"href":"https:\/\/www.buhl.de\/steuer\/wp-json\/wp\/v2\/categories?post=76392"},{"taxonomy":"post_tag","embeddable":true,"href":"https:\/\/www.buhl.de\/steuer\/wp-json\/wp\/v2\/tags?post=76392"}],"curies":[{"name":"wp","href":"https:\/\/api.w.org\/{rel}","templated":true}]}}