{"version":"1.0","provider_name":"Online-Nebenkostenabrechnung mit WISO Vermieter-Web","provider_url":"https:\/\/www.buhl.de\/vermieter-web","title":"Beschlussanfechtungsklage nur gegen WEG-Versammlung m\u00f6glich","type":"rich","width":600,"height":338,"html":"<blockquote class=\"wp-embedded-content\" data-secret=\"McbM3Cao0J\"><a href=\"https:\/\/www.buhl.de\/vermieter-web\/beschlussanfechtungsklage-nur-gegen-weg-versammlung-moeglich\/\">Beschlussanfechtungsklage nur gegen WEG-Versammlung m\u00f6glich<\/a><\/blockquote><iframe sandbox=\"allow-scripts\" security=\"restricted\" src=\"https:\/\/www.buhl.de\/vermieter-web\/beschlussanfechtungsklage-nur-gegen-weg-versammlung-moeglich\/embed\/#?secret=McbM3Cao0J\" width=\"600\" height=\"338\" title=\"&#8222;Beschlussanfechtungsklage nur gegen WEG-Versammlung m\u00f6glich&#8220; &#8211; Online-Nebenkostenabrechnung mit WISO Vermieter-Web\" data-secret=\"McbM3Cao0J\" frameborder=\"0\" marginwidth=\"0\" marginheight=\"0\" scrolling=\"no\" class=\"wp-embedded-content\"><\/iframe><script>\n\/*! This file is auto-generated *\/\n!function(d,l){\"use strict\";l.querySelector&&d.addEventListener&&\"undefined\"!=typeof URL&&(d.wp=d.wp||{},d.wp.receiveEmbedMessage||(d.wp.receiveEmbedMessage=function(e){var t=e.data;if((t||t.secret||t.message||t.value)&&!\/[^a-zA-Z0-9]\/.test(t.secret)){for(var s,r,n,a=l.querySelectorAll('iframe[data-secret=\"'+t.secret+'\"]'),o=l.querySelectorAll('blockquote[data-secret=\"'+t.secret+'\"]'),c=new RegExp(\"^https?:$\",\"i\"),i=0;i<o.length;i++)o[i].style.display=\"none\";for(i=0;i<a.length;i++)s=a[i],e.source===s.contentWindow&&(s.removeAttribute(\"style\"),\"height\"===t.message?(1e3<(r=parseInt(t.value,10))?r=1e3:~~r<200&&(r=200),s.height=r):\"link\"===t.message&&(r=new URL(s.getAttribute(\"src\")),n=new URL(t.value),c.test(n.protocol))&&n.host===r.host&&l.activeElement===s&&(d.top.location.href=t.value))}},d.addEventListener(\"message\",d.wp.receiveEmbedMessage,!1),l.addEventListener(\"DOMContentLoaded\",function(){for(var e,t,s=l.querySelectorAll(\"iframe.wp-embedded-content\"),r=0;r<s.length;r++)(t=(e=s[r]).getAttribute(\"data-secret\"))||(t=Math.random().toString(36).substring(2,12),e.src+=\"#?secret=\"+t,e.setAttribute(\"data-secret\",t)),e.contentWindow.postMessage({message:\"ready\",secret:t},\"*\")},!1)))}(window,document);\n\/\/# sourceURL=https:\/\/www.buhl.de\/vermieter-web\/wp-includes\/js\/wp-embed.min.js\n<\/script>\n","thumbnail_url":"https:\/\/www.buhl.de\/vermieter-web\/wp-content\/uploads\/sites\/33\/2020\/06\/Urteil-Haus.jpg","thumbnail_width":840,"thumbnail_height":420,"description":"Ein Wohnungseigent\u00fcmer kann nach \u00a7 43 WEG gegen die Wohneigent\u00fcmergemeinschaft klagen. Bezieht sich die Klage jedoch auf eine Gruppe von Eigent\u00fcmern, denen eine Wohnung gemeinsam geh\u00f6rt, ist \u00a7 43 WEG nicht anwendbar."}

Beschlussanfechtungsklage nur gegen WEG-Versammlung möglich

<blockquote class="wp-embedded-content" data-secret="McbM3Cao0J"><a href="https://www.buhl.de/vermieter-web/beschlussanfechtungsklage-nur-gegen-weg-versammlung-moeglich/">Beschlussanfechtungsklage nur gegen WEG-Versammlung möglich</a></blockquote><iframe sandbox="allow-scripts" security="restricted" src="https://www.buhl.de/vermieter-web/beschlussanfechtungsklage-nur-gegen-weg-versammlung-moeglich/embed/#?secret=McbM3Cao0J" width="600" height="338" title="&#8222;Beschlussanfechtungsklage nur gegen WEG-Versammlung möglich&#8220; &#8211; Online-Nebenkostenabrechnung mit WISO Vermieter-Web" data-secret="McbM3Cao0J" frameborder="0" marginwidth="0" marginheight="0" scrolling="no" class="wp-embedded-content"></iframe><script>
/*! This file is auto-generated */
!function(d,l){"use strict";l.querySelector&&d.addEventListener&&"undefined"!=typeof URL&&(d.wp=d.wp||{},d.wp.receiveEmbedMessage||(d.wp.receiveEmbedMessage=function(e){var t=e.data;if((t||t.secret||t.message||t.value)&&!/[^a-zA-Z0-9]/.test(t.secret)){for(var s,r,n,a=l.querySelectorAll('iframe[data-secret="'+t.secret+'"]'),o=l.querySelectorAll('blockquote[data-secret="'+t.secret+'"]'),c=new RegExp("^https?:$","i"),i=0;i<o.length;i++)o[i].style.display="none";for(i=0;i<a.length;i++)s=a[i],e.source===s.contentWindow&&(s.removeAttribute("style"),"height"===t.message?(1e3<(r=parseInt(t.value,10))?r=1e3:~~r<200&&(r=200),s.height=r):"link"===t.message&&(r=new URL(s.getAttribute("src")),n=new URL(t.value),c.test(n.protocol))&&n.host===r.host&&l.activeElement===s&&(d.top.location.href=t.value))}},d.addEventListener("message",d.wp.receiveEmbedMessage,!1),l.addEventListener("DOMContentLoaded",function(){for(var e,t,s=l.querySelectorAll("iframe.wp-embedded-content"),r=0;r<s.length;r++)(t=(e=s[r]).getAttribute("data-secret"))||(t=Math.random().toString(36).substring(2,12),e.src+="#?secret="+t,e.setAttribute("data-secret",t)),e.contentWindow.postMessage({message:"ready",secret:t},"*")},!1)))}(window,document);
//# sourceURL=https://www.buhl.de/vermieter-web/wp-includes/js/wp-embed.min.js
</script>

Ein Wohnungseigentümer kann nach § 43 WEG gegen die Wohneigentümergemeinschaft klagen. Bezieht sich die Klage jedoch auf eine Gruppe von Eigentümern, denen eine Wohnung gemeinsam gehört, ist § 43 WEG nicht anwendbar.
