{"version":"1.0","provider_name":"Online-Nebenkostenabrechnung mit WISO Vermieter-Web","provider_url":"https:\/\/www.buhl.de\/vermieter-web","title":"Bewegliches ist grunderwerbssteuerfrei","type":"rich","width":600,"height":338,"html":"<blockquote class=\"wp-embedded-content\" data-secret=\"PDTc9I9qKK\"><a href=\"https:\/\/www.buhl.de\/vermieter-web\/bewegliches-ist-grunderwerbssteuerfrei\/\">Bewegliches ist grunderwerbssteuerfrei<\/a><\/blockquote><iframe sandbox=\"allow-scripts\" security=\"restricted\" src=\"https:\/\/www.buhl.de\/vermieter-web\/bewegliches-ist-grunderwerbssteuerfrei\/embed\/#?secret=PDTc9I9qKK\" width=\"600\" height=\"338\" title=\"&#8222;Bewegliches ist grunderwerbssteuerfrei&#8220; &#8211; Online-Nebenkostenabrechnung mit WISO Vermieter-Web\" data-secret=\"PDTc9I9qKK\" frameborder=\"0\" marginwidth=\"0\" marginheight=\"0\" scrolling=\"no\" class=\"wp-embedded-content\"><\/iframe><script>\n\/*! This file is auto-generated *\/\n!function(d,l){\"use strict\";l.querySelector&&d.addEventListener&&\"undefined\"!=typeof URL&&(d.wp=d.wp||{},d.wp.receiveEmbedMessage||(d.wp.receiveEmbedMessage=function(e){var t=e.data;if((t||t.secret||t.message||t.value)&&!\/[^a-zA-Z0-9]\/.test(t.secret)){for(var s,r,n,a=l.querySelectorAll('iframe[data-secret=\"'+t.secret+'\"]'),o=l.querySelectorAll('blockquote[data-secret=\"'+t.secret+'\"]'),c=new RegExp(\"^https?:$\",\"i\"),i=0;i<o.length;i++)o[i].style.display=\"none\";for(i=0;i<a.length;i++)s=a[i],e.source===s.contentWindow&&(s.removeAttribute(\"style\"),\"height\"===t.message?(1e3<(r=parseInt(t.value,10))?r=1e3:~~r<200&&(r=200),s.height=r):\"link\"===t.message&&(r=new URL(s.getAttribute(\"src\")),n=new URL(t.value),c.test(n.protocol))&&n.host===r.host&&l.activeElement===s&&(d.top.location.href=t.value))}},d.addEventListener(\"message\",d.wp.receiveEmbedMessage,!1),l.addEventListener(\"DOMContentLoaded\",function(){for(var e,t,s=l.querySelectorAll(\"iframe.wp-embedded-content\"),r=0;r<s.length;r++)(t=(e=s[r]).getAttribute(\"data-secret\"))||(t=Math.random().toString(36).substring(2,12),e.src+=\"#?secret=\"+t,e.setAttribute(\"data-secret\",t)),e.contentWindow.postMessage({message:\"ready\",secret:t},\"*\")},!1)))}(window,document);\n\/\/# sourceURL=https:\/\/www.buhl.de\/vermieter-web\/wp-includes\/js\/wp-embed.min.js\n<\/script>\n","thumbnail_url":"https:\/\/www.buhl.de\/vermieter-web\/wp-content\/uploads\/sites\/33\/2018\/07\/Bewegliches_ist_grunderwerbssteuerfrei.jpg","thumbnail_width":800,"thumbnail_height":400,"description":"Bewegliche Gegenst\u00e4nde, die mit einer Immobilie verkauft werden, sind nicht grunderwerbsteuerpflichtig. Der hierf\u00fcr angesetzte Verkaufspreis muss allerdings realistisch sein. Dies hat das Finanzgericht K\u00f6ln in einem Urteil vom 08.11.2017 festgestellt (Aktenzeichen 5 K 2938\/16). In dem Verfahren ging es um eine Immobilie, die f\u00fcr 392.500 Euro verkauft wurde und deren Kaufvertrag 9.500 Euro als Kosten &hellip; \u201e\u201c weiterlesen"}

Bewegliche Gegenstände, die mit einer Immobilie verkauft werden, sind nicht grunderwerbsteuerpflichtig. Der hierfür angesetzte Verkaufspreis muss allerdings realistisch sein. Dies hat das Finanzgericht Köln in einem Urteil vom 08.11.2017 festgestellt (Aktenzeichen 5 K 2938/16). In dem Verfahren ging es um eine Immobilie, die für 392.500 Euro verkauft wurde und deren Kaufvertrag 9.500 Euro als Kosten &hellip; „“ weiterlesen
