{"version":"1.0","provider_name":"Online-Nebenkostenabrechnung mit WISO Vermieter-Web","provider_url":"https:\/\/www.buhl.de\/vermieter-web","title":"Rundfunkbeitrag verfassungskonform","type":"rich","width":600,"height":338,"html":"<blockquote class=\"wp-embedded-content\" data-secret=\"HkSlQm84hL\"><a href=\"https:\/\/www.buhl.de\/vermieter-web\/rundfunkbeitrag-verfassungskonform\/\">Rundfunkbeitrag verfassungskonform<\/a><\/blockquote><iframe sandbox=\"allow-scripts\" security=\"restricted\" src=\"https:\/\/www.buhl.de\/vermieter-web\/rundfunkbeitrag-verfassungskonform\/embed\/#?secret=HkSlQm84hL\" width=\"600\" height=\"338\" title=\"&#8222;Rundfunkbeitrag verfassungskonform&#8220; &#8211; Online-Nebenkostenabrechnung mit WISO Vermieter-Web\" data-secret=\"HkSlQm84hL\" frameborder=\"0\" marginwidth=\"0\" marginheight=\"0\" scrolling=\"no\" class=\"wp-embedded-content\"><\/iframe><script>\n\/*! This file is auto-generated *\/\n!function(d,l){\"use strict\";l.querySelector&&d.addEventListener&&\"undefined\"!=typeof URL&&(d.wp=d.wp||{},d.wp.receiveEmbedMessage||(d.wp.receiveEmbedMessage=function(e){var t=e.data;if((t||t.secret||t.message||t.value)&&!\/[^a-zA-Z0-9]\/.test(t.secret)){for(var s,r,n,a=l.querySelectorAll('iframe[data-secret=\"'+t.secret+'\"]'),o=l.querySelectorAll('blockquote[data-secret=\"'+t.secret+'\"]'),c=new RegExp(\"^https?:$\",\"i\"),i=0;i<o.length;i++)o[i].style.display=\"none\";for(i=0;i<a.length;i++)s=a[i],e.source===s.contentWindow&&(s.removeAttribute(\"style\"),\"height\"===t.message?(1e3<(r=parseInt(t.value,10))?r=1e3:~~r<200&&(r=200),s.height=r):\"link\"===t.message&&(r=new URL(s.getAttribute(\"src\")),n=new URL(t.value),c.test(n.protocol))&&n.host===r.host&&l.activeElement===s&&(d.top.location.href=t.value))}},d.addEventListener(\"message\",d.wp.receiveEmbedMessage,!1),l.addEventListener(\"DOMContentLoaded\",function(){for(var e,t,s=l.querySelectorAll(\"iframe.wp-embedded-content\"),r=0;r<s.length;r++)(t=(e=s[r]).getAttribute(\"data-secret\"))||(t=Math.random().toString(36).substring(2,12),e.src+=\"#?secret=\"+t,e.setAttribute(\"data-secret\",t)),e.contentWindow.postMessage({message:\"ready\",secret:t},\"*\")},!1)))}(window,document);\n<\/script>\n","description":"Aufgrund einer Klage eines Rundfunknutzers aus Hessen hatte das Verwaltungsgericht Gie\u00dfen zu pr\u00fcfen, ob die Erhebung des Rundfunkbeitrags einen Verfassungsversto\u00df darstelle. Das Gericht verneinte diese Frage und lehnte eine Vorlage der Klage beim Bundesverfassungsgericht ab. In der Urteilsbegr\u00fcndung stellten die Richter klar, dass der Rundfunkbeitrag&nbsp;keine Steuer sei, sondern eine Geb\u00fchr f\u00fcr das Programmangebot des \u00f6ffentlich-rechtlichen &hellip; \u201e\u201c weiterlesen","thumbnail_url":"https:\/\/www.buhl.de\/vermieter-web\/wp-content\/uploads\/sites\/33\/medien\/images\/sonstiges\/606983_web_R_by_Dieter_Schtz_pixelio.de.jpg"}

Aufgrund einer Klage eines Rundfunknutzers aus Hessen hatte das Verwaltungsgericht Gießen zu prüfen, ob die Erhebung des Rundfunkbeitrags einen Verfassungsverstoß darstelle. Das Gericht verneinte diese Frage und lehnte eine Vorlage der Klage beim Bundesverfassungsgericht ab. In der Urteilsbegründung stellten die Richter klar, dass der Rundfunkbeitrag&nbsp;keine Steuer sei, sondern eine Gebühr für das Programmangebot des öffentlich-rechtlichen &hellip; „“ weiterlesen
