{"version":"1.0","provider_name":"Online-Nebenkostenabrechnung mit WISO Vermieter-Web","provider_url":"https:\/\/www.buhl.de\/vermieter-web","title":"Str\u00e4ucher, die auf \u00f6ffentliche Stra\u00dfen ragen","type":"rich","width":600,"height":338,"html":"<blockquote class=\"wp-embedded-content\" data-secret=\"glGlH89uDF\"><a href=\"https:\/\/www.buhl.de\/vermieter-web\/straeucher-die-auf-oeffentliche-strassen-ragen\/\">Str\u00e4ucher, die auf \u00f6ffentliche Stra\u00dfen ragen<\/a><\/blockquote><iframe sandbox=\"allow-scripts\" security=\"restricted\" src=\"https:\/\/www.buhl.de\/vermieter-web\/straeucher-die-auf-oeffentliche-strassen-ragen\/embed\/#?secret=glGlH89uDF\" width=\"600\" height=\"338\" title=\"&#8222;Str\u00e4ucher, die auf \u00f6ffentliche Stra\u00dfen ragen&#8220; &#8211; Online-Nebenkostenabrechnung mit WISO Vermieter-Web\" data-secret=\"glGlH89uDF\" frameborder=\"0\" marginwidth=\"0\" marginheight=\"0\" scrolling=\"no\" class=\"wp-embedded-content\"><\/iframe><script>\n\/*! This file is auto-generated *\/\n!function(d,l){\"use strict\";l.querySelector&&d.addEventListener&&\"undefined\"!=typeof URL&&(d.wp=d.wp||{},d.wp.receiveEmbedMessage||(d.wp.receiveEmbedMessage=function(e){var t=e.data;if((t||t.secret||t.message||t.value)&&!\/[^a-zA-Z0-9]\/.test(t.secret)){for(var s,r,n,a=l.querySelectorAll('iframe[data-secret=\"'+t.secret+'\"]'),o=l.querySelectorAll('blockquote[data-secret=\"'+t.secret+'\"]'),c=new RegExp(\"^https?:$\",\"i\"),i=0;i<o.length;i++)o[i].style.display=\"none\";for(i=0;i<a.length;i++)s=a[i],e.source===s.contentWindow&&(s.removeAttribute(\"style\"),\"height\"===t.message?(1e3<(r=parseInt(t.value,10))?r=1e3:~~r<200&&(r=200),s.height=r):\"link\"===t.message&&(r=new URL(s.getAttribute(\"src\")),n=new URL(t.value),c.test(n.protocol))&&n.host===r.host&&l.activeElement===s&&(d.top.location.href=t.value))}},d.addEventListener(\"message\",d.wp.receiveEmbedMessage,!1),l.addEventListener(\"DOMContentLoaded\",function(){for(var e,t,s=l.querySelectorAll(\"iframe.wp-embedded-content\"),r=0;r<s.length;r++)(t=(e=s[r]).getAttribute(\"data-secret\"))||(t=Math.random().toString(36).substring(2,12),e.src+=\"#?secret=\"+t,e.setAttribute(\"data-secret\",t)),e.contentWindow.postMessage({message:\"ready\",secret:t},\"*\")},!1)))}(window,document);\n\/\/# sourceURL=https:\/\/www.buhl.de\/vermieter-web\/wp-includes\/js\/wp-embed.min.js\n<\/script>\n","description":"Der Eigent\u00fcmer von Str\u00e4ucher oder B\u00e4umen, deren \u00c4ste auf \u00f6ffentliche Stra\u00dfen ragen, muss diesen \u00dcberhang entfernen. Kommt er dieser Verpflichtung nicht nach, kann die zust\u00e4ndige Beh\u00f6rde die Zweige auf Kosten des Eigent\u00fcmers entfernen lassen. Dies entschied das Verwaltungsgericht Mainz in einem Urteil vom 21.02.2018 (Aktenzeichen 3 K 363\/17.MZ). In dem Verfahren ging es um \u00c4ste &hellip; \u201e\u201c weiterlesen"}

Sträucher, die auf öffentliche Straßen ragen

<blockquote class="wp-embedded-content" data-secret="glGlH89uDF"><a href="https://www.buhl.de/vermieter-web/straeucher-die-auf-oeffentliche-strassen-ragen/">Sträucher, die auf öffentliche Straßen ragen</a></blockquote><iframe sandbox="allow-scripts" security="restricted" src="https://www.buhl.de/vermieter-web/straeucher-die-auf-oeffentliche-strassen-ragen/embed/#?secret=glGlH89uDF" width="600" height="338" title="&#8222;Sträucher, die auf öffentliche Straßen ragen&#8220; &#8211; Online-Nebenkostenabrechnung mit WISO Vermieter-Web" data-secret="glGlH89uDF" frameborder="0" marginwidth="0" marginheight="0" scrolling="no" class="wp-embedded-content"></iframe><script>
/*! This file is auto-generated */
!function(d,l){"use strict";l.querySelector&&d.addEventListener&&"undefined"!=typeof URL&&(d.wp=d.wp||{},d.wp.receiveEmbedMessage||(d.wp.receiveEmbedMessage=function(e){var t=e.data;if((t||t.secret||t.message||t.value)&&!/[^a-zA-Z0-9]/.test(t.secret)){for(var s,r,n,a=l.querySelectorAll('iframe[data-secret="'+t.secret+'"]'),o=l.querySelectorAll('blockquote[data-secret="'+t.secret+'"]'),c=new RegExp("^https?:$","i"),i=0;i<o.length;i++)o[i].style.display="none";for(i=0;i<a.length;i++)s=a[i],e.source===s.contentWindow&&(s.removeAttribute("style"),"height"===t.message?(1e3<(r=parseInt(t.value,10))?r=1e3:~~r<200&&(r=200),s.height=r):"link"===t.message&&(r=new URL(s.getAttribute("src")),n=new URL(t.value),c.test(n.protocol))&&n.host===r.host&&l.activeElement===s&&(d.top.location.href=t.value))}},d.addEventListener("message",d.wp.receiveEmbedMessage,!1),l.addEventListener("DOMContentLoaded",function(){for(var e,t,s=l.querySelectorAll("iframe.wp-embedded-content"),r=0;r<s.length;r++)(t=(e=s[r]).getAttribute("data-secret"))||(t=Math.random().toString(36).substring(2,12),e.src+="#?secret="+t,e.setAttribute("data-secret",t)),e.contentWindow.postMessage({message:"ready",secret:t},"*")},!1)))}(window,document);
//# sourceURL=https://www.buhl.de/vermieter-web/wp-includes/js/wp-embed.min.js
</script>

Der Eigentümer von Sträucher oder Bäumen, deren Äste auf öffentliche Straßen ragen, muss diesen Überhang entfernen. Kommt er dieser Verpflichtung nicht nach, kann die zuständige Behörde die Zweige auf Kosten des Eigentümers entfernen lassen. Dies entschied das Verwaltungsgericht Mainz in einem Urteil vom 21.02.2018 (Aktenzeichen 3 K 363/17.MZ). In dem Verfahren ging es um Äste &hellip; „“ weiterlesen
