{"version":"1.0","provider_name":"Online-Nebenkostenabrechnung mit WISO Vermieter-Web","provider_url":"https:\/\/www.buhl.de\/vermieter-web","title":"WEG: Eigent\u00fcmerversammlung zerstrittener Miteigent\u00fcmer","type":"rich","width":600,"height":338,"html":"<blockquote class=\"wp-embedded-content\" data-secret=\"1C9lwyPX11\"><a href=\"https:\/\/www.buhl.de\/vermieter-web\/weg-eigentuemerversammlung-zerstrittener-miteigentuemer\/\">WEG: Eigent\u00fcmerversammlung zerstrittener Miteigent\u00fcmer<\/a><\/blockquote><iframe sandbox=\"allow-scripts\" security=\"restricted\" src=\"https:\/\/www.buhl.de\/vermieter-web\/weg-eigentuemerversammlung-zerstrittener-miteigentuemer\/embed\/#?secret=1C9lwyPX11\" width=\"600\" height=\"338\" title=\"&#8222;WEG: Eigent\u00fcmerversammlung zerstrittener Miteigent\u00fcmer&#8220; &#8211; Online-Nebenkostenabrechnung mit WISO Vermieter-Web\" data-secret=\"1C9lwyPX11\" frameborder=\"0\" marginwidth=\"0\" marginheight=\"0\" scrolling=\"no\" class=\"wp-embedded-content\"><\/iframe><script>\n\/*! This file is auto-generated *\/\n!function(d,l){\"use strict\";l.querySelector&&d.addEventListener&&\"undefined\"!=typeof URL&&(d.wp=d.wp||{},d.wp.receiveEmbedMessage||(d.wp.receiveEmbedMessage=function(e){var t=e.data;if((t||t.secret||t.message||t.value)&&!\/[^a-zA-Z0-9]\/.test(t.secret)){for(var s,r,n,a=l.querySelectorAll('iframe[data-secret=\"'+t.secret+'\"]'),o=l.querySelectorAll('blockquote[data-secret=\"'+t.secret+'\"]'),c=new RegExp(\"^https?:$\",\"i\"),i=0;i<o.length;i++)o[i].style.display=\"none\";for(i=0;i<a.length;i++)s=a[i],e.source===s.contentWindow&&(s.removeAttribute(\"style\"),\"height\"===t.message?(1e3<(r=parseInt(t.value,10))?r=1e3:~~r<200&&(r=200),s.height=r):\"link\"===t.message&&(r=new URL(s.getAttribute(\"src\")),n=new URL(t.value),c.test(n.protocol))&&n.host===r.host&&l.activeElement===s&&(d.top.location.href=t.value))}},d.addEventListener(\"message\",d.wp.receiveEmbedMessage,!1),l.addEventListener(\"DOMContentLoaded\",function(){for(var e,t,s=l.querySelectorAll(\"iframe.wp-embedded-content\"),r=0;r<s.length;r++)(t=(e=s[r]).getAttribute(\"data-secret\"))||(t=Math.random().toString(36).substring(2,12),e.src+=\"#?secret=\"+t,e.setAttribute(\"data-secret\",t)),e.contentWindow.postMessage({message:\"ready\",secret:t},\"*\")},!1)))}(window,document);\n\/\/# sourceURL=https:\/\/www.buhl.de\/vermieter-web\/wp-includes\/js\/wp-embed.min.js\n<\/script>\n","thumbnail_url":"https:\/\/www.buhl.de\/vermieter-web\/wp-content\/uploads\/sites\/33\/2020\/01\/95544448.png","thumbnail_width":840,"thumbnail_height":420,"description":"Die Wohneigent\u00fcmer m\u00fcssen sich bei einer Eigent\u00fcmerversammlung vertraut bewegen k\u00f6nnen. Dies ist aber nicht gegeben, wenn die Versammlung auf einer Terrasse stattfindet, die von einem Miteigent\u00fcmer genutzt wird, mit dem die anderen Wohnungseigent\u00fcmer im Streit leben. Dabei spielt es keine Rolle, dass sich die Terrasse im Gemeinschaftseigentum befindet. Entscheidend ist die tats\u00e4chliche Nutzung. Zu diesem &hellip; \u201e\u201c weiterlesen"}

WEG: Eigentümerversammlung zerstrittener Miteigentümer

<blockquote class="wp-embedded-content" data-secret="1C9lwyPX11"><a href="https://www.buhl.de/vermieter-web/weg-eigentuemerversammlung-zerstrittener-miteigentuemer/">WEG: Eigentümerversammlung zerstrittener Miteigentümer</a></blockquote><iframe sandbox="allow-scripts" security="restricted" src="https://www.buhl.de/vermieter-web/weg-eigentuemerversammlung-zerstrittener-miteigentuemer/embed/#?secret=1C9lwyPX11" width="600" height="338" title="&#8222;WEG: Eigentümerversammlung zerstrittener Miteigentümer&#8220; &#8211; Online-Nebenkostenabrechnung mit WISO Vermieter-Web" data-secret="1C9lwyPX11" frameborder="0" marginwidth="0" marginheight="0" scrolling="no" class="wp-embedded-content"></iframe><script>
/*! This file is auto-generated */
!function(d,l){"use strict";l.querySelector&&d.addEventListener&&"undefined"!=typeof URL&&(d.wp=d.wp||{},d.wp.receiveEmbedMessage||(d.wp.receiveEmbedMessage=function(e){var t=e.data;if((t||t.secret||t.message||t.value)&&!/[^a-zA-Z0-9]/.test(t.secret)){for(var s,r,n,a=l.querySelectorAll('iframe[data-secret="'+t.secret+'"]'),o=l.querySelectorAll('blockquote[data-secret="'+t.secret+'"]'),c=new RegExp("^https?:$","i"),i=0;i<o.length;i++)o[i].style.display="none";for(i=0;i<a.length;i++)s=a[i],e.source===s.contentWindow&&(s.removeAttribute("style"),"height"===t.message?(1e3<(r=parseInt(t.value,10))?r=1e3:~~r<200&&(r=200),s.height=r):"link"===t.message&&(r=new URL(s.getAttribute("src")),n=new URL(t.value),c.test(n.protocol))&&n.host===r.host&&l.activeElement===s&&(d.top.location.href=t.value))}},d.addEventListener("message",d.wp.receiveEmbedMessage,!1),l.addEventListener("DOMContentLoaded",function(){for(var e,t,s=l.querySelectorAll("iframe.wp-embedded-content"),r=0;r<s.length;r++)(t=(e=s[r]).getAttribute("data-secret"))||(t=Math.random().toString(36).substring(2,12),e.src+="#?secret="+t,e.setAttribute("data-secret",t)),e.contentWindow.postMessage({message:"ready",secret:t},"*")},!1)))}(window,document);
//# sourceURL=https://www.buhl.de/vermieter-web/wp-includes/js/wp-embed.min.js
</script>

Die Wohneigentümer müssen sich bei einer Eigentümerversammlung vertraut bewegen können. Dies ist aber nicht gegeben, wenn die Versammlung auf einer Terrasse stattfindet, die von einem Miteigentümer genutzt wird, mit dem die anderen Wohnungseigentümer im Streit leben. Dabei spielt es keine Rolle, dass sich die Terrasse im Gemeinschaftseigentum befindet. Entscheidend ist die tatsächliche Nutzung. Zu diesem &hellip; „“ weiterlesen
