{"version":"1.0","provider_name":"Online-Nebenkostenabrechnung mit WISO Vermieter-Web","provider_url":"https:\/\/www.buhl.de\/vermieter-web","title":"WEG: Jahresabrechnung bei Verwalterwechsel","type":"rich","width":600,"height":338,"html":"<blockquote class=\"wp-embedded-content\" data-secret=\"ByDqltAH11\"><a href=\"https:\/\/www.buhl.de\/vermieter-web\/weg-jahresabrechnung-bei-verwalterwechsel\/\">WEG: Jahresabrechnung bei Verwalterwechsel<\/a><\/blockquote><iframe sandbox=\"allow-scripts\" security=\"restricted\" src=\"https:\/\/www.buhl.de\/vermieter-web\/weg-jahresabrechnung-bei-verwalterwechsel\/embed\/#?secret=ByDqltAH11\" width=\"600\" height=\"338\" title=\"&#8222;WEG: Jahresabrechnung bei Verwalterwechsel&#8220; &#8211; Online-Nebenkostenabrechnung mit WISO Vermieter-Web\" data-secret=\"ByDqltAH11\" frameborder=\"0\" marginwidth=\"0\" marginheight=\"0\" scrolling=\"no\" class=\"wp-embedded-content\"><\/iframe><script>\n\/*! This file is auto-generated *\/\n!function(d,l){\"use strict\";l.querySelector&&d.addEventListener&&\"undefined\"!=typeof URL&&(d.wp=d.wp||{},d.wp.receiveEmbedMessage||(d.wp.receiveEmbedMessage=function(e){var t=e.data;if((t||t.secret||t.message||t.value)&&!\/[^a-zA-Z0-9]\/.test(t.secret)){for(var s,r,n,a=l.querySelectorAll('iframe[data-secret=\"'+t.secret+'\"]'),o=l.querySelectorAll('blockquote[data-secret=\"'+t.secret+'\"]'),c=new RegExp(\"^https?:$\",\"i\"),i=0;i<o.length;i++)o[i].style.display=\"none\";for(i=0;i<a.length;i++)s=a[i],e.source===s.contentWindow&&(s.removeAttribute(\"style\"),\"height\"===t.message?(1e3<(r=parseInt(t.value,10))?r=1e3:~~r<200&&(r=200),s.height=r):\"link\"===t.message&&(r=new URL(s.getAttribute(\"src\")),n=new URL(t.value),c.test(n.protocol))&&n.host===r.host&&l.activeElement===s&&(d.top.location.href=t.value))}},d.addEventListener(\"message\",d.wp.receiveEmbedMessage,!1),l.addEventListener(\"DOMContentLoaded\",function(){for(var e,t,s=l.querySelectorAll(\"iframe.wp-embedded-content\"),r=0;r<s.length;r++)(t=(e=s[r]).getAttribute(\"data-secret\"))||(t=Math.random().toString(36).substring(2,12),e.src+=\"#?secret=\"+t,e.setAttribute(\"data-secret\",t)),e.contentWindow.postMessage({message:\"ready\",secret:t},\"*\")},!1)))}(window,document);\n\/\/# sourceURL=https:\/\/www.buhl.de\/vermieter-web\/wp-includes\/js\/wp-embed.min.js\n<\/script>\n","thumbnail_url":"https:\/\/www.buhl.de\/vermieter-web\/wp-content\/uploads\/sites\/33\/2025\/12\/Benis-Arapovic-Besprechung.jpg","thumbnail_width":1063,"thumbnail_height":543,"description":"F\u00fcr die Jahresabrechnung einer Wohneigent\u00fcmergemeinschaft ist die Gemeinschaft verantwortlich, wobei die Erstellung auf den Verwalter \u00fcbertragen wird. Kommt es zum Jahresende zu einem Verwalterwechsel, stellt sich die Frage, ob der neue Verwalter die Jahresabrechnung f\u00fcr das vergangene Jahr \u00fcbernehmen muss oder der ehemalige Verwalter hier noch in der Verantwortung ist. Zu dieser Frage hat der &hellip; \u201e\u201c weiterlesen"}

Für die Jahresabrechnung einer Wohneigentümergemeinschaft ist die Gemeinschaft verantwortlich, wobei die Erstellung auf den Verwalter übertragen wird. Kommt es zum Jahresende zu einem Verwalterwechsel, stellt sich die Frage, ob der neue Verwalter die Jahresabrechnung für das vergangene Jahr übernehmen muss oder der ehemalige Verwalter hier noch in der Verantwortung ist. Zu dieser Frage hat der &hellip; „“ weiterlesen
