{"version":"1.0","provider_name":"Online-Nebenkostenabrechnung mit WISO Vermieter-Web","provider_url":"https:\/\/www.buhl.de\/vermieter-web","title":"Wer denkt an die Vermieter \u2013 ein Kommentar","type":"rich","width":600,"height":338,"html":"<blockquote class=\"wp-embedded-content\" data-secret=\"fr5CSJsN3p\"><a href=\"https:\/\/www.buhl.de\/vermieter-web\/wer-denkt-an-die-vermieter-ein-kommentar\/\">Wer denkt an die Vermieter \u2013 ein Kommentar<\/a><\/blockquote><iframe sandbox=\"allow-scripts\" security=\"restricted\" src=\"https:\/\/www.buhl.de\/vermieter-web\/wer-denkt-an-die-vermieter-ein-kommentar\/embed\/#?secret=fr5CSJsN3p\" width=\"600\" height=\"338\" title=\"&#8222;Wer denkt an die Vermieter \u2013 ein Kommentar&#8220; &#8211; Online-Nebenkostenabrechnung mit WISO Vermieter-Web\" data-secret=\"fr5CSJsN3p\" frameborder=\"0\" marginwidth=\"0\" marginheight=\"0\" scrolling=\"no\" class=\"wp-embedded-content\"><\/iframe><script>\n\/*! This file is auto-generated *\/\n!function(d,l){\"use strict\";l.querySelector&&d.addEventListener&&\"undefined\"!=typeof URL&&(d.wp=d.wp||{},d.wp.receiveEmbedMessage||(d.wp.receiveEmbedMessage=function(e){var t=e.data;if((t||t.secret||t.message||t.value)&&!\/[^a-zA-Z0-9]\/.test(t.secret)){for(var s,r,n,a=l.querySelectorAll('iframe[data-secret=\"'+t.secret+'\"]'),o=l.querySelectorAll('blockquote[data-secret=\"'+t.secret+'\"]'),c=new RegExp(\"^https?:$\",\"i\"),i=0;i<o.length;i++)o[i].style.display=\"none\";for(i=0;i<a.length;i++)s=a[i],e.source===s.contentWindow&&(s.removeAttribute(\"style\"),\"height\"===t.message?(1e3<(r=parseInt(t.value,10))?r=1e3:~~r<200&&(r=200),s.height=r):\"link\"===t.message&&(r=new URL(s.getAttribute(\"src\")),n=new URL(t.value),c.test(n.protocol))&&n.host===r.host&&l.activeElement===s&&(d.top.location.href=t.value))}},d.addEventListener(\"message\",d.wp.receiveEmbedMessage,!1),l.addEventListener(\"DOMContentLoaded\",function(){for(var e,t,s=l.querySelectorAll(\"iframe.wp-embedded-content\"),r=0;r<s.length;r++)(t=(e=s[r]).getAttribute(\"data-secret\"))||(t=Math.random().toString(36).substring(2,12),e.src+=\"#?secret=\"+t,e.setAttribute(\"data-secret\",t)),e.contentWindow.postMessage({message:\"ready\",secret:t},\"*\")},!1)))}(window,document);\n\/\/# sourceURL=https:\/\/www.buhl.de\/vermieter-web\/wp-includes\/js\/wp-embed.min.js\n<\/script>\n","thumbnail_url":"https:\/\/www.buhl.de\/vermieter-web\/wp-content\/uploads\/sites\/33\/2020\/06\/bewerten.jpg","thumbnail_width":840,"thumbnail_height":420,"description":"W\u00e4hrend in der Politik dar\u00fcber nachgedacht wird, den K\u00fcndigungsschutz f\u00fcr wegen der Pandemie zahlungsunf\u00e4hige Mieter zu verl\u00e4ngern, fragt in Berlin keiner nach den Problemen, die f\u00fcr die Vermieter entstehen. Ein Kommentar von Hartmut Fischer"}

Während in der Politik darüber nachgedacht wird, den Kündigungsschutz für wegen der Pandemie zahlungsunfähige Mieter zu verlängern, fragt in Berlin keiner nach den Problemen, die für die Vermieter entstehen. Ein Kommentar von Hartmut Fischer
