{"id":42,"date":"2017-05-12T15:25:46","date_gmt":"2017-05-12T13:25:46","guid":{"rendered":"https:\/\/www.buhl.de\/vermieter-web\/?page_id=42"},"modified":"2022-07-27T10:19:30","modified_gmt":"2022-07-27T08:19:30","slug":"impressum","status":"publish","type":"page","link":"https:\/\/www.buhl.de\/vermieter-web\/impressum\/","title":{"rendered":"Impressum"},"content":{"rendered":"<div>\n<h3 id=\"impressum-bds\" class=\"agb-post-title\"><\/h3>\n<div class=\"agb-post\">\n<h1 style=\"font-size: 1.75rem;margin-bottom: 16px\"><strong>Impressum<\/strong><\/h1>\n<p>Buhl Data Service GmbH<br \/>\nAm Siebertsweiher 3\/5<br \/>\n57290 Neunkirchen (Siegerland)<\/p>\n<p>Gesch\u00e4ftsf\u00fchrer: Moritz Buhl &amp; Peter Glowick<\/p>\n<p>Handelsregister: AG Siegen HRB Nr. 3015<br \/>\nUSt.ID: DE126576356<\/p>\n<\/div>\n<h3 id=\"impressum-kontakt-bsc\" class=\"agb-post-title\"><\/h3>\n<div class=\"agb-post\">\n<h3><strong>Kontakt<\/strong><\/h3>\n<p>Telefon: 02735 90 96 99<br \/>\nFax: 02735 \/ 90 96 500<br \/>\nE-Mail: impressum[at]buhl-data.com<\/p>\n<p>&nbsp;<\/p>\n<\/div>\n<h3 id=\"impressum-informationspflichten-gemaess-art-14-odr-vo-%c2%a7-36-vsbg\" class=\"agb-post-title\"><\/h3>\n<div class=\"agb-post\">\n<h3><strong>Informationspflichten gem\u00e4\u00df Art. 14 ODR-VO, \u00a7 36 VSBG<\/strong><\/h3>\n<p>Die Europ\u00e4ische Kommission stellt eine Plattform zur Online-Streitbeilegung (OS) bereit, die Sie unter\u00a0<a class=\"text_link\" href=\"https:\/\/ec.europa.eu\/consumers\/odr\/\" target=\"_blank\" rel=\"noopener noreferrer\">https:\/\/ec.europa.eu\/consumers\/odr\/<\/a> finden. Die Buhl Data Service GmbH wird freiwillig an Streitbeilegungsverfahren vor einer Verbraucherschlichtungsstelle teilnehmen. Die zust\u00e4ndige Verbraucherschlichtungsstelle ist die &#8222;Universalschlichtungsstelle des Bundes, Zentrum f\u00fcr Schlichtung e. V., Stra\u00dfburger Str. 8, 77694 Kehl, <a href=\"https:\/\/www.universalschlichtungsstelle.de\/\">www.universalschlichtungsstelle.de<\/a>.<\/p>\n<h3><strong>Informationspflichten gem\u00e4\u00df Art. 11, 12 Digital Services Act<\/strong><\/h3>\n<p>Zur Einhaltung der Vorschriften des Digital Services Act (DSA) hat die Buhl Data Service GmbH eine zentrale Kontaktstelle zur Kommunikation mit Beh\u00f6rden und Nutzern eingerichtet. Die zentrale Kontaktstelle ist erreichbar unter: dsa[at]buhl-data.com. . Verfahrenssprache ist Deutsch.<\/p>\n<\/div>\n<h3 id=\"impressum-zustaendige-aufsichtsbehoerden\" class=\"agb-post-title\"><\/h3>\n<div class=\"agb-post\">\n<h3><strong>Zust\u00e4ndige Aufsichtsbeh\u00f6rden<\/strong><\/h3>\n<p><strong>Bundesanstalt f\u00fcr Finanzdienstleistungsaufsicht<br \/>\n<\/strong>Graurheindorfer Stra\u00dfe 108, 53117 Bonn bzw.<br \/>\nMarie-Curie-Str. 24\u201328, 60439 Frankfurt am Main<br \/>\nInternetadresse: http:\/\/www.bafin.de<br \/>\nE-Mail: poststelle@bafin.de<br \/>\nZahlungsinstitute-Register: BaFin ID 153789<\/p>\n<p><strong>Deutsche Bundesbank, Hauptverwaltung Nordrhein-Westfalen<\/strong><br \/>\nBerliner Allee 14, 40212 D\u00fcsseldorf<br \/>\nInternetadresse: https:\/\/www.bundesbank.de\/<br \/>\nE-Mail: info@bundesbank.de<\/p>\n<\/div>\n<h3 id=\"impressum-copyrights-zdf-wiso-software\" class=\"agb-post-title\"><\/h3>\n<div class=\"agb-post\">\n<h3><strong>Copyrights<\/strong><\/h3>\n<p><strong>Entwicklung, Produktion und Vertrieb<br \/>\n<\/strong>\u00a9 Buhl Data Service GmbH 2024<br \/>\n&#8211; Alle Rechte vorbehalten<\/p>\n<p><strong>Logo \u201eZDF WISO Software\u201c<\/strong><br \/>\nlizensiert durch ZDF Studios GmbH<br \/>\n\u00a9 ZDFS 2024<br \/>\n&#8211; Alle Rechte vorbehalten &#8211;<\/p>\n<\/div>\n<\/div>\n<div class=\"agb-version\">v1.0.1253<\/div>\n\n","protected":false},"excerpt":{"rendered":"","protected":false},"author":27,"featured_media":0,"parent":0,"menu_order":0,"comment_status":"closed","ping_status":"closed","template":"page-text-only.php","meta":{"footnotes":""},"class_list":["post-42","page","type-page","status-publish","hentry"],"yoast_head":"<!-- This site is optimized with the Yoast SEO Premium plugin v27.0 (Yoast SEO v27.0) - https:\/\/yoast.com\/product\/yoast-seo-premium-wordpress\/ -->\n<title>Impressum - Online-Nebenkostenabrechnung mit WISO Vermieter-Web<\/title>\n<meta name=\"robots\" content=\"noindex, nofollow\" \/>\n<meta property=\"og:locale\" content=\"de_DE\" \/>\n<meta property=\"og:type\" content=\"article\" \/>\n<meta property=\"og:title\" content=\"Impressum\" \/>\n<meta property=\"og:url\" content=\"https:\/\/www.buhl.de\/vermieter-web\/impressum\/\" \/>\n<meta property=\"og:site_name\" content=\"Online-Nebenkostenabrechnung mit WISO Vermieter-Web\" \/>\n<meta property=\"article:modified_time\" content=\"2022-07-27T08:19:30+00:00\" \/>\n<meta name=\"twitter:card\" content=\"summary_large_image\" \/>\n<meta name=\"twitter:label1\" content=\"Gesch\u00e4tzte Lesezeit\" \/>\n\t<meta name=\"twitter:data1\" content=\"1\u00a0Minute\" \/>\n<script type=\"application\/ld+json\" class=\"yoast-schema-graph\">{\"@context\":\"https:\/\/schema.org\",\"@graph\":[{\"@type\":\"WebPage\",\"@id\":\"https:\/\/www.buhl.de\/vermieter-web\/impressum\/\",\"url\":\"https:\/\/www.buhl.de\/vermieter-web\/impressum\/\",\"name\":\"Impressum - Online-Nebenkostenabrechnung mit WISO Vermieter-Web\",\"isPartOf\":{\"@id\":\"https:\/\/www.buhl.de\/vermieter-web\/#website\"},\"datePublished\":\"2017-05-12T13:25:46+00:00\",\"dateModified\":\"2022-07-27T08:19:30+00:00\",\"breadcrumb\":{\"@id\":\"https:\/\/www.buhl.de\/vermieter-web\/impressum\/#breadcrumb\"},\"inLanguage\":\"de\",\"potentialAction\":[{\"@type\":\"ReadAction\",\"target\":[\"https:\/\/www.buhl.de\/vermieter-web\/impressum\/\"]}]},{\"@type\":\"BreadcrumbList\",\"@id\":\"https:\/\/www.buhl.de\/vermieter-web\/impressum\/#breadcrumb\",\"itemListElement\":[{\"@type\":\"ListItem\",\"position\":1,\"name\":\"Startseite\",\"item\":\"https:\/\/www.buhl.de\/vermieter-web\/\"},{\"@type\":\"ListItem\",\"position\":2,\"name\":\"Impressum\"}]},{\"@type\":\"WebSite\",\"@id\":\"https:\/\/www.buhl.de\/vermieter-web\/#website\",\"url\":\"https:\/\/www.buhl.de\/vermieter-web\/\",\"name\":\"Online-Nebenkostenabrechnung mit WISO Vermieter-Web\",\"description\":\"\",\"potentialAction\":[{\"@type\":\"SearchAction\",\"target\":{\"@type\":\"EntryPoint\",\"urlTemplate\":\"https:\/\/www.buhl.de\/vermieter-web\/?s={search_term_string}\"},\"query-input\":{\"@type\":\"PropertyValueSpecification\",\"valueRequired\":true,\"valueName\":\"search_term_string\"}}],\"inLanguage\":\"de\"}]}<\/script>\n<!-- \/ Yoast SEO Premium plugin. -->","yoast_head_json":{"title":"Impressum - Online-Nebenkostenabrechnung mit WISO Vermieter-Web","robots":{"index":"noindex","follow":"nofollow"},"og_locale":"de_DE","og_type":"article","og_title":"Impressum","og_url":"https:\/\/www.buhl.de\/vermieter-web\/impressum\/","og_site_name":"Online-Nebenkostenabrechnung mit WISO Vermieter-Web","article_modified_time":"2022-07-27T08:19:30+00:00","twitter_card":"summary_large_image","twitter_misc":{"Gesch\u00e4tzte Lesezeit":"1\u00a0Minute"},"schema":{"@context":"https:\/\/schema.org","@graph":[{"@type":"WebPage","@id":"https:\/\/www.buhl.de\/vermieter-web\/impressum\/","url":"https:\/\/www.buhl.de\/vermieter-web\/impressum\/","name":"Impressum - Online-Nebenkostenabrechnung mit WISO Vermieter-Web","isPartOf":{"@id":"https:\/\/www.buhl.de\/vermieter-web\/#website"},"datePublished":"2017-05-12T13:25:46+00:00","dateModified":"2022-07-27T08:19:30+00:00","breadcrumb":{"@id":"https:\/\/www.buhl.de\/vermieter-web\/impressum\/#breadcrumb"},"inLanguage":"de","potentialAction":[{"@type":"ReadAction","target":["https:\/\/www.buhl.de\/vermieter-web\/impressum\/"]}]},{"@type":"BreadcrumbList","@id":"https:\/\/www.buhl.de\/vermieter-web\/impressum\/#breadcrumb","itemListElement":[{"@type":"ListItem","position":1,"name":"Startseite","item":"https:\/\/www.buhl.de\/vermieter-web\/"},{"@type":"ListItem","position":2,"name":"Impressum"}]},{"@type":"WebSite","@id":"https:\/\/www.buhl.de\/vermieter-web\/#website","url":"https:\/\/www.buhl.de\/vermieter-web\/","name":"Online-Nebenkostenabrechnung mit WISO Vermieter-Web","description":"","potentialAction":[{"@type":"SearchAction","target":{"@type":"EntryPoint","urlTemplate":"https:\/\/www.buhl.de\/vermieter-web\/?s={search_term_string}"},"query-input":{"@type":"PropertyValueSpecification","valueRequired":true,"valueName":"search_term_string"}}],"inLanguage":"de"}]}},"_links":{"self":[{"href":"https:\/\/www.buhl.de\/vermieter-web\/wp-json\/wp\/v2\/pages\/42","targetHints":{"allow":["GET"]}}],"collection":[{"href":"https:\/\/www.buhl.de\/vermieter-web\/wp-json\/wp\/v2\/pages"}],"about":[{"href":"https:\/\/www.buhl.de\/vermieter-web\/wp-json\/wp\/v2\/types\/page"}],"author":[{"embeddable":true,"href":"https:\/\/www.buhl.de\/vermieter-web\/wp-json\/wp\/v2\/users\/27"}],"replies":[{"embeddable":true,"href":"https:\/\/www.buhl.de\/vermieter-web\/wp-json\/wp\/v2\/comments?post=42"}],"version-history":[{"count":12,"href":"https:\/\/www.buhl.de\/vermieter-web\/wp-json\/wp\/v2\/pages\/42\/revisions"}],"predecessor-version":[{"id":9984,"href":"https:\/\/www.buhl.de\/vermieter-web\/wp-json\/wp\/v2\/pages\/42\/revisions\/9984"}],"wp:attachment":[{"href":"https:\/\/www.buhl.de\/vermieter-web\/wp-json\/wp\/v2\/media?parent=42"}],"curies":[{"name":"wp","href":"https:\/\/api.w.org\/{rel}","templated":true}]}}

<div>
<h3 id="impressum-bds" class="agb-post-title"></h3>
<div class="agb-post">
<h1 style="font-size: 1.75rem;margin-bottom: 16px"><strong>Impressum</strong></h1>
<p>Buhl Data Service GmbH<br />
Am Siebertsweiher 3/5<br />
57290 Neunkirchen (Siegerland)</p>
<p>Geschäftsführer: Moritz Buhl &amp; Peter Glowick</p>
<p>Handelsregister: AG Siegen HRB Nr. 3015<br />
USt.ID: DE126576356</p>
</div>
<h3 id="impressum-kontakt-bsc" class="agb-post-title"></h3>
<div class="agb-post">
<h3><strong>Kontakt</strong></h3>
<p>Telefon: 02735 90 96 99<br />
Fax: 02735 / 90 96 500<br />
E-Mail: impressum[at]buhl-data.com</p>
<p>&nbsp;</p>
</div>
<h3 id="impressum-informationspflichten-gemaess-art-14-odr-vo-%c2%a7-36-vsbg" class="agb-post-title"></h3>
<div class="agb-post">
<h3><strong>Informationspflichten gemäß Art. 14 ODR-VO, § 36 VSBG</strong></h3>
<p>Die Europäische Kommission stellt eine Plattform zur Online-Streitbeilegung (OS) bereit, die Sie unter <a class="text_link" href="https://ec.europa.eu/consumers/odr/" target="_blank" rel="noopener noreferrer">https://ec.europa.eu/consumers/odr/</a> finden. Die Buhl Data Service GmbH wird freiwillig an Streitbeilegungsverfahren vor einer Verbraucherschlichtungsstelle teilnehmen. Die zuständige Verbraucherschlichtungsstelle ist die &#8222;Universalschlichtungsstelle des Bundes, Zentrum für Schlichtung e. V., Straßburger Str. 8, 77694 Kehl, <a href="https://www.universalschlichtungsstelle.de/">www.universalschlichtungsstelle.de</a>.</p>
<h3><strong>Informationspflichten gemäß Art. 11, 12 Digital Services Act</strong></h3>
<p>Zur Einhaltung der Vorschriften des Digital Services Act (DSA) hat die Buhl Data Service GmbH eine zentrale Kontaktstelle zur Kommunikation mit Behörden und Nutzern eingerichtet. Die zentrale Kontaktstelle ist erreichbar unter: dsa[at]buhl-data.com. . Verfahrenssprache ist Deutsch.</p>
</div>
<h3 id="impressum-zustaendige-aufsichtsbehoerden" class="agb-post-title"></h3>
<div class="agb-post">
<h3><strong>Zuständige Aufsichtsbehörden</strong></h3>
<p><strong>Bundesanstalt für Finanzdienstleistungsaufsicht<br />
</strong>Graurheindorfer Straße 108, 53117 Bonn bzw.<br />
Marie-Curie-Str. 24–28, 60439 Frankfurt am Main<br />
Internetadresse: http://www.bafin.de<br />
E-Mail: poststelle@bafin.de<br />
Zahlungsinstitute-Register: BaFin ID 153789</p>
<p><strong>Deutsche Bundesbank, Hauptverwaltung Nordrhein-Westfalen</strong><br />
Berliner Allee 14, 40212 Düsseldorf<br />
Internetadresse: https://www.bundesbank.de/<br />
E-Mail: info@bundesbank.de</p>
</div>
<h3 id="impressum-copyrights-zdf-wiso-software" class="agb-post-title"></h3>
<div class="agb-post">
<h3><strong>Copyrights</strong></h3>
<p><strong>Entwicklung, Produktion und Vertrieb<br />
</strong>© Buhl Data Service GmbH 2024<br />
&#8211; Alle Rechte vorbehalten</p>
<p><strong>Logo „ZDF WISO Software“</strong><br />
lizensiert durch ZDF Studios GmbH<br />
© ZDFS 2024<br />
&#8211; Alle Rechte vorbehalten &#8211;</p>
</div>
</div>
<div class="agb-version">v1.0.1253</div>

<!-- This site is optimized with the Yoast SEO Premium plugin v27.0 (Yoast SEO v27.0) - https://yoast.com/product/yoast-seo-premium-wordpress/ -->
<title>Impressum - Online-Nebenkostenabrechnung mit WISO Vermieter-Web</title>
<meta name="robots" content="noindex, nofollow" />
<meta property="og:locale" content="de_DE" />
<meta property="og:type" content="article" />
<meta property="og:title" content="Impressum" />
<meta property="og:url" content="https://www.buhl.de/vermieter-web/impressum/" />
<meta property="og:site_name" content="Online-Nebenkostenabrechnung mit WISO Vermieter-Web" />
<meta property="article:modified_time" content="2022-07-27T08:19:30+00:00" />
<meta name="twitter:card" content="summary_large_image" />
<meta name="twitter:label1" content="Geschätzte Lesezeit" />
	<meta name="twitter:data1" content="1 Minute" />
<script type="application/ld+json" class="yoast-schema-graph">{"@context":"https://schema.org","@graph":[{"@type":"WebPage","@id":"https://www.buhl.de/vermieter-web/impressum/","url":"https://www.buhl.de/vermieter-web/impressum/","name":"Impressum - Online-Nebenkostenabrechnung mit WISO Vermieter-Web","isPartOf":{"@id":"https://www.buhl.de/vermieter-web/#website"},"datePublished":"2017-05-12T13:25:46+00:00","dateModified":"2022-07-27T08:19:30+00:00","breadcrumb":{"@id":"https://www.buhl.de/vermieter-web/impressum/#breadcrumb"},"inLanguage":"de","potentialAction":[{"@type":"ReadAction","target":["https://www.buhl.de/vermieter-web/impressum/"]}]},{"@type":"BreadcrumbList","@id":"https://www.buhl.de/vermieter-web/impressum/#breadcrumb","itemListElement":[{"@type":"ListItem","position":1,"name":"Startseite","item":"https://www.buhl.de/vermieter-web/"},{"@type":"ListItem","position":2,"name":"Impressum"}]},{"@type":"WebSite","@id":"https://www.buhl.de/vermieter-web/#website","url":"https://www.buhl.de/vermieter-web/","name":"Online-Nebenkostenabrechnung mit WISO Vermieter-Web","description":"","potentialAction":[{"@type":"SearchAction","target":{"@type":"EntryPoint","urlTemplate":"https://www.buhl.de/vermieter-web/?s={search_term_string}"},"query-input":{"@type":"PropertyValueSpecification","valueRequired":true,"valueName":"search_term_string"}}],"inLanguage":"de"}]}</script>
<!-- / Yoast SEO Premium plugin. -->
